{"version":"1.0","provider_name":"REPAM","provider_url":"https:\/\/www.repam.net\/es","author_name":"repam@adm","author_url":"https:\/\/www.repam.net\/es\/author\/repamadm\/","title":"Di\u00e1logos Amaz\u00f3nicos y Cumbre de la Amazon\u00eda - REPAM","type":"rich","width":600,"height":338,"html":"<blockquote class=\"wp-embedded-content\" data-secret=\"RSRp3sFbgu\"><a href=\"https:\/\/www.repam.net\/es\/dialogos-amazonicos-y-cumbre-de-la-amazonia\/\">Di\u00e1logos Amaz\u00f3nicos y Cumbre de la Amazon\u00eda<\/a><\/blockquote><iframe sandbox=\"allow-scripts\" security=\"restricted\" src=\"https:\/\/www.repam.net\/es\/dialogos-amazonicos-y-cumbre-de-la-amazonia\/embed\/#?secret=RSRp3sFbgu\" width=\"600\" height=\"338\" title=\"&#8220;Di\u00e1logos Amaz\u00f3nicos y Cumbre de la Amazon\u00eda&#8221; &#8212; REPAM\" data-secret=\"RSRp3sFbgu\" frameborder=\"0\" marginwidth=\"0\" marginheight=\"0\" scrolling=\"no\" class=\"wp-embedded-content\"><\/iframe><script type=\"text\/javascript\">\n\/* <![CDATA[ *\/\n\/*! This file is auto-generated *\/\n!function(d,l){\"use strict\";l.querySelector&&d.addEventListener&&\"undefined\"!=typeof URL&&(d.wp=d.wp||{},d.wp.receiveEmbedMessage||(d.wp.receiveEmbedMessage=function(e){var t=e.data;if((t||t.secret||t.message||t.value)&&!\/[^a-zA-Z0-9]\/.test(t.secret)){for(var s,r,n,a=l.querySelectorAll('iframe[data-secret=\"'+t.secret+'\"]'),o=l.querySelectorAll('blockquote[data-secret=\"'+t.secret+'\"]'),c=new RegExp(\"^https?:$\",\"i\"),i=0;i<o.length;i++)o[i].style.display=\"none\";for(i=0;i<a.length;i++)s=a[i],e.source===s.contentWindow&&(s.removeAttribute(\"style\"),\"height\"===t.message?(1e3<(r=parseInt(t.value,10))?r=1e3:~~r<200&&(r=200),s.height=r):\"link\"===t.message&&(r=new URL(s.getAttribute(\"src\")),n=new URL(t.value),c.test(n.protocol))&&n.host===r.host&&l.activeElement===s&&(d.top.location.href=t.value))}},d.addEventListener(\"message\",d.wp.receiveEmbedMessage,!1),l.addEventListener(\"DOMContentLoaded\",function(){for(var e,t,s=l.querySelectorAll(\"iframe.wp-embedded-content\"),r=0;r<s.length;r++)(t=(e=s[r]).getAttribute(\"data-secret\"))||(t=Math.random().toString(36).substring(2,12),e.src+=\"#?secret=\"+t,e.setAttribute(\"data-secret\",t)),e.contentWindow.postMessage({message:\"ready\",secret:t},\"*\")},!1)))}(window,document);\n\/\/# sourceURL=https:\/\/www.repam.net\/es\/wp-includes\/js\/wp-embed.min.js\n\/* ]]> *\/\n<\/script>\n","thumbnail_url":"https:\/\/www.repam.net\/es\/wp-content\/uploads\/2023\/08\/09b4a2f6-66f1-408f-a607-c11be05a3181.jpeg","thumbnail_width":1497,"thumbnail_height":720,"description":"Los d\u00edas 8 y 9 de agosto se realizar\u00e1 en la ciudad de Bel\u00e9m do Par\u00e1 (Brasil) la\u00a0Cumbre Amaz\u00f3nica ,\u00a0que reunir\u00e1 a los presidentes de ocho pa\u00edses amaz\u00f3nicos. En preparaci\u00f3n, del 4 al 6 de agosto, se realizar\u00e1n los\u00a0Di\u00e1logos Amaz\u00f4nicos, un conjunto de iniciativas que involucran a la sociedad civil organizada con el objetivo de [&hellip;]"}

Diálogos Amazónicos y Cumbre de la Amazonía - REPAM

<blockquote class="wp-embedded-content" data-secret="RSRp3sFbgu"><a href="https://www.repam.net/es/dialogos-amazonicos-y-cumbre-de-la-amazonia/">Diálogos Amazónicos y Cumbre de la Amazonía</a></blockquote><iframe sandbox="allow-scripts" security="restricted" src="https://www.repam.net/es/dialogos-amazonicos-y-cumbre-de-la-amazonia/embed/#?secret=RSRp3sFbgu" width="600" height="338" title="&#8220;Diálogos Amazónicos y Cumbre de la Amazonía&#8221; &#8212; REPAM" data-secret="RSRp3sFbgu" frameborder="0" marginwidth="0" marginheight="0" scrolling="no" class="wp-embedded-content"></iframe><script type="text/javascript">
/* <![CDATA[ */
/*! This file is auto-generated */
!function(d,l){"use strict";l.querySelector&&d.addEventListener&&"undefined"!=typeof URL&&(d.wp=d.wp||{},d.wp.receiveEmbedMessage||(d.wp.receiveEmbedMessage=function(e){var t=e.data;if((t||t.secret||t.message||t.value)&&!/[^a-zA-Z0-9]/.test(t.secret)){for(var s,r,n,a=l.querySelectorAll('iframe[data-secret="'+t.secret+'"]'),o=l.querySelectorAll('blockquote[data-secret="'+t.secret+'"]'),c=new RegExp("^https?:$","i"),i=0;i<o.length;i++)o[i].style.display="none";for(i=0;i<a.length;i++)s=a[i],e.source===s.contentWindow&&(s.removeAttribute("style"),"height"===t.message?(1e3<(r=parseInt(t.value,10))?r=1e3:~~r<200&&(r=200),s.height=r):"link"===t.message&&(r=new URL(s.getAttribute("src")),n=new URL(t.value),c.test(n.protocol))&&n.host===r.host&&l.activeElement===s&&(d.top.location.href=t.value))}},d.addEventListener("message",d.wp.receiveEmbedMessage,!1),l.addEventListener("DOMContentLoaded",function(){for(var e,t,s=l.querySelectorAll("iframe.wp-embedded-content"),r=0;r<s.length;r++)(t=(e=s[r]).getAttribute("data-secret"))||(t=Math.random().toString(36).substring(2,12),e.src+="#?secret="+t,e.setAttribute("data-secret",t)),e.contentWindow.postMessage({message:"ready",secret:t},"*")},!1)))}(window,document);
//# sourceURL=https://www.repam.net/es/wp-includes/js/wp-embed.min.js
/* ]]> */
</script>

Los días 8 y 9 de agosto se realizará en la ciudad de Belém do Pará (Brasil) la Cumbre Amazónica , que reunirá a los presidentes de ocho países amazónicos. En preparación, del 4 al 6 de agosto, se realizarán los Diálogos Amazônicos, un conjunto de iniciativas que involucran a la sociedad civil organizada con el objetivo de [&hellip;]
