{"version":"1.0","provider_name":"REPAM","provider_url":"https:\/\/www.repam.net\/es","author_name":"repam@adm","author_url":"https:\/\/www.repam.net\/es\/author\/repamadm\/","title":"Redes territoriales de ecolog\u00eda integral establecen di\u00e1logos con el Relator de Pueblos Ind\u00edgenas y la Misi\u00f3n Permanente de Espa\u00f1a ante la ONU - REPAM","type":"rich","width":600,"height":338,"html":"<blockquote class=\"wp-embedded-content\" data-secret=\"BHjUZ6780k\"><a href=\"https:\/\/www.repam.net\/es\/dialogos-redes-territoriales\/\">Redes territoriales de ecolog\u00eda integral establecen di\u00e1logos con el Relator de Pueblos Ind\u00edgenas y la Misi\u00f3n Permanente de Espa\u00f1a ante la ONU<\/a><\/blockquote><iframe sandbox=\"allow-scripts\" security=\"restricted\" src=\"https:\/\/www.repam.net\/es\/dialogos-redes-territoriales\/embed\/#?secret=BHjUZ6780k\" width=\"600\" height=\"338\" title=\"&#8220;Redes territoriales de ecolog\u00eda integral establecen di\u00e1logos con el Relator de Pueblos Ind\u00edgenas y la Misi\u00f3n Permanente de Espa\u00f1a ante la ONU&#8221; &#8212; REPAM\" data-secret=\"BHjUZ6780k\" frameborder=\"0\" marginwidth=\"0\" marginheight=\"0\" scrolling=\"no\" class=\"wp-embedded-content\"><\/iframe><script type=\"text\/javascript\">\n\/* <![CDATA[ *\/\n\/*! This file is auto-generated *\/\n!function(d,l){\"use strict\";l.querySelector&&d.addEventListener&&\"undefined\"!=typeof URL&&(d.wp=d.wp||{},d.wp.receiveEmbedMessage||(d.wp.receiveEmbedMessage=function(e){var t=e.data;if((t||t.secret||t.message||t.value)&&!\/[^a-zA-Z0-9]\/.test(t.secret)){for(var s,r,n,a=l.querySelectorAll('iframe[data-secret=\"'+t.secret+'\"]'),o=l.querySelectorAll('blockquote[data-secret=\"'+t.secret+'\"]'),c=new RegExp(\"^https?:$\",\"i\"),i=0;i<o.length;i++)o[i].style.display=\"none\";for(i=0;i<a.length;i++)s=a[i],e.source===s.contentWindow&&(s.removeAttribute(\"style\"),\"height\"===t.message?(1e3<(r=parseInt(t.value,10))?r=1e3:~~r<200&&(r=200),s.height=r):\"link\"===t.message&&(r=new URL(s.getAttribute(\"src\")),n=new URL(t.value),c.test(n.protocol))&&n.host===r.host&&l.activeElement===s&&(d.top.location.href=t.value))}},d.addEventListener(\"message\",d.wp.receiveEmbedMessage,!1),l.addEventListener(\"DOMContentLoaded\",function(){for(var e,t,s=l.querySelectorAll(\"iframe.wp-embedded-content\"),r=0;r<s.length;r++)(t=(e=s[r]).getAttribute(\"data-secret\"))||(t=Math.random().toString(36).substring(2,12),e.src+=\"#?secret=\"+t,e.setAttribute(\"data-secret\",t)),e.contentWindow.postMessage({message:\"ready\",secret:t},\"*\")},!1)))}(window,document);\n\/\/# sourceURL=https:\/\/www.repam.net\/es\/wp-includes\/js\/wp-embed.min.js\n\/* ]]> *\/\n<\/script>\n","thumbnail_url":"https:\/\/www.repam.net\/es\/wp-content\/uploads\/2026\/04\/WhatsApp-Image-2026-04-24-at-5.28.11-PM-edited.jpeg","thumbnail_width":1600,"thumbnail_height":900,"description":"\u201cLa Asamblea General se llena de color esta semana\u201d, exclamaba Annalena Baerbock, presidenta de la Asamblea General, durante la ceremonia de apertura del Foro Permanente para las Cuestiones Ind\u00edgenas, celebrada el pasado lunes 20 de mayo. Sin embargo, no solo el color ha inundado las salas y pasillos de la sede de la ONU en Nueva York."}

Redes territoriales de ecología integral establecen diálogos con el Relator de Pueblos Indígenas y la Misión Permanente de España ante la ONU - REPAM

<blockquote class="wp-embedded-content" data-secret="BHjUZ6780k"><a href="https://www.repam.net/es/dialogos-redes-territoriales/">Redes territoriales de ecología integral establecen diálogos con el Relator de Pueblos Indígenas y la Misión Permanente de España ante la ONU</a></blockquote><iframe sandbox="allow-scripts" security="restricted" src="https://www.repam.net/es/dialogos-redes-territoriales/embed/#?secret=BHjUZ6780k" width="600" height="338" title="&#8220;Redes territoriales de ecología integral establecen diálogos con el Relator de Pueblos Indígenas y la Misión Permanente de España ante la ONU&#8221; &#8212; REPAM" data-secret="BHjUZ6780k" frameborder="0" marginwidth="0" marginheight="0" scrolling="no" class="wp-embedded-content"></iframe><script type="text/javascript">
/* <![CDATA[ */
/*! This file is auto-generated */
!function(d,l){"use strict";l.querySelector&&d.addEventListener&&"undefined"!=typeof URL&&(d.wp=d.wp||{},d.wp.receiveEmbedMessage||(d.wp.receiveEmbedMessage=function(e){var t=e.data;if((t||t.secret||t.message||t.value)&&!/[^a-zA-Z0-9]/.test(t.secret)){for(var s,r,n,a=l.querySelectorAll('iframe[data-secret="'+t.secret+'"]'),o=l.querySelectorAll('blockquote[data-secret="'+t.secret+'"]'),c=new RegExp("^https?:$","i"),i=0;i<o.length;i++)o[i].style.display="none";for(i=0;i<a.length;i++)s=a[i],e.source===s.contentWindow&&(s.removeAttribute("style"),"height"===t.message?(1e3<(r=parseInt(t.value,10))?r=1e3:~~r<200&&(r=200),s.height=r):"link"===t.message&&(r=new URL(s.getAttribute("src")),n=new URL(t.value),c.test(n.protocol))&&n.host===r.host&&l.activeElement===s&&(d.top.location.href=t.value))}},d.addEventListener("message",d.wp.receiveEmbedMessage,!1),l.addEventListener("DOMContentLoaded",function(){for(var e,t,s=l.querySelectorAll("iframe.wp-embedded-content"),r=0;r<s.length;r++)(t=(e=s[r]).getAttribute("data-secret"))||(t=Math.random().toString(36).substring(2,12),e.src+="#?secret="+t,e.setAttribute("data-secret",t)),e.contentWindow.postMessage({message:"ready",secret:t},"*")},!1)))}(window,document);
//# sourceURL=https://www.repam.net/es/wp-includes/js/wp-embed.min.js
/* ]]> */
</script>

“La Asamblea General se llena de color esta semana”, exclamaba Annalena Baerbock, presidenta de la Asamblea General, durante la ceremonia de apertura del Foro Permanente para las Cuestiones Indígenas, celebrada el pasado lunes 20 de mayo. Sin embargo, no solo el color ha inundado las salas y pasillos de la sede de la ONU en Nueva York.
